e o(m).
1
Suppose 5*i = 5*f - 30, -2*f + 3*f - 5*i - 10 = 0. Let m(q) = q**2 - q - 3. Give m(f).
17
Suppose 4*i - 16 = -2*a, 2*i - 14 + 0 = 2*a. Let u(v) be the third derivative of 1/20*v**5 + 1/6*v**3 + 0 + v**2 + 1/120*v**6 + 0*v - 1/24*v**4. Calculate u(a).
7
Let w(x) = x**3 + 10*x**2 - 7*x - 3. Let t(r) = -r**2 + r + 1. Let i(d) = -6*t(d) - w(d). Give i(-4).
-7
Let u(n) = -5*n - 2. Let v(m) = m. Let k(b) = u(b) + 4*v(b). Determine k(3).
-5
Let r(c) = c**2 - 6*c - 5. Let y be r(6). Let m(s) = -s**3 - 4*s**2 + 4*s + 1. What is m(y)?
6
Let g(v) = v**3 - 5*v**2 + v + 4. Let i = -13 + 16. Give g(i).
-11
Let r(k) be the second derivative of k**5/60 + 5*k**4/24 + 2*k**3/3 + 5*k**2/2 + k. Let i(w) be the first derivative of r(w). What is i(-5)?
4
Suppose -5*x + 24 = -x - 4*h, 2*x + 3*h + 8 = 0. Let i(p) = p - 5*p - p**x - 2*p. Let v be 26/(-5) - (-3)/15. What is i(v)?
5
Let x(y) = -2*y - 7. Suppose -4*b = z + 24, -b = -3*b + 4*z - 12. Calculate x(b).
5
Let h(s) = -1 + 3*s + s - 2*s. Let m be ((-7)/(-14) + 6/(-4))*-1. Calculate h(m).
1
Let k(c) = -c + 22. Let j be k(22). Let h(i) = -i**3 + i - 11. Give h(j).
-11
Let d(y) = -3 + y + 3*y**3 + y**3 - 3*y**3 - y**2. Let i(v) = -3*v**3 + v**2 - 3*v + 6. Let x(p) = 5*d(p) + 2*i(p). Give x(-3).
0
Let h(d) be the second derivative of d**6/720 + d**4/2 - 7*d. Let q(r) be the third derivative of h(r). Determine q(0).
0
Let l(z) be the first derivative of 2*z + 4/3*z**3 - 3 - 1/4*z**4 + 0*z**2. Determine l(4).
2
Let t(m) = 2*m + 1. Let g(o) = -o**2 - 8*o + 2. Let v be g(-7). Let c be ((-4)/(-2))/((-6)/v). What is t(c)?
-5
Let c(s) = 6 + s**2 - 9 - 2*s - 1 + 0. Calculate c(4).
4
Suppose -p - 4*p = -4*g - 8, 0 = 4*p + 3*g + 6. Suppose 4*c + 3 + 1 = p. Let j(q) = -3*q**2 + q. Give j(c).
-4
Let d(p) = p**3 - 6*p**2 + 8*p - 7. Let l be (-62)/8 - (-2)/(-8). Let b = l + 33. Suppose b + 0 = 5*k + 3*y, 5*k - 25 = 5*y. Calculate d(k).
8
Suppose 4*x + 3*j + 1 = 0, -3*x = -0*x - 5*j - 21. Let d(s) = -15*s**2 - 3*s + 14*s**x + 6*s. Determine d(3).
0
Suppose -2*b = t + 6, -4*t + b + 9 = -3*t. Let y(d) = 1 + 4*d - 5*d - t*d. Let h = 204 + -205. Calculate y(h).
6
Let c(q) be the first derivative of q**4/12 - 5*q**3/6 - 7*q**2/2 + 11*q - 10. Let x(j) be the first derivative of c(j). Calculate x(6).
-1
Let h = -12 - -24. Suppose 2*m = 2*o - 2, 0 = 5*o + 8 + h. Let s(x) = x**3 + 4*x**2 - 4*x + 6. Calculate s(m).
1
Let t(d) = d**2 + 15*d - 14. Let i(k) = -k**2 - 16*k + 14. Let l(x) = 4*i(x) + 5*t(x). Let c(h) = h - 1. Let m(w) = -5*c(w) + l(w). What is m(-7)?
-2
Let s(k) = 4 - 5*k + 5*k**3 - 1 - 4*k**3 - 3*k**2 - k. Calculate s(4).
-5
Let n(d) = d**3 - 3*d**2 - 4*d. Suppose 0 = -2*f - 2*j, -3*j = 4*f + 5 - 3. Let g be ((-1)/f)/(1/8). Calculate n(g).
0
Suppose -2 = 5*t - 6*t. Let c(f) be the third derivative of 0*f + 0 + 1/24*f**4 + 0*f**3 - f**2 - 1/60*f**5. Determine c(t).
-2
Suppose 3*b - 14 + 5 = 0. Let z(a) be the second derivative of a**5/20 - a**4/4 + a**3/6 + a**2/2 + 12*a. Give z(b).
4
Let g(z) be the second derivative of 1/3*z**3 - z - 1/20*z**5 + 0 + 7/2*z**2 + 1/3*z**4. Suppose 0 = -2*b - 3*b + 25. Determine g(b).
-8
Suppose 3*x - 15 = b, b - 5*x = 3*b - 14. Let q(f) = -f**3 - 5*f**2 - 3*f - 4. Determine q(b).
-13
Let u(m) = m + 2. Let l(c) = -2*c - 4. Let k(b) = b**2 + 8*b + 7. Let w be k(-6). Let z(a) = w*u(a) - 2*l(a). What is z(-4)?
2
Suppose o + 15 = 6*o. Let t(k) = 4*k**o - 2*k**3 - 6 + 6*k**2 - k - k**3. Calculate t(-6).
0
Suppose 0 = -0*q + 3*q - 9. Let y(p) be the second derivative of 1/12*p**4 + 2/3*p**q - 2*p**2 + p + 0. What is y(-3)?
-7
Let p be (24/(-28))/(6/(-21)). Let n(o) = -7*o - p + 16*o + 0 + 0. Give n(2).
15
Let r(z) be the third derivative of -z**6/120 - z**5/20 + 7*z**4/24 + 5*z**3/6 - z**2. Calculate r(-4).
-7
Let i(r) = 8*r**2 - 2. Let z(s) = s**2. Let h(d) = -i(d) + 6*z(d). What is h(-3)?
-16
Let r(n) be the second derivative of n**5/20 - n**4/4 - n**3/6 + 3*n**2/2 - 17*n. What is r(3)?
0
Let q(t) = t**3 + 13*t**2 + 2*t + 16. Suppose 4*x - r + 56 = r, x = -5*r - 3. What is q(x)?
-10
Suppose -4*i - 36 = 4*t, -i - 6 - 7 = 2*t. Let q be 48/(-28) - t/(-14). Let n be q/((12/(-15))/(-2)). Let p(z) = -z**3 - 5*z**2 - z. Determine p(n).
5
Let f(g) = -4*g**2 - 7*g - 5. Let y(q) = -2*q**2 - 4*q - 3. Let i(l) = 3*f(l) - 5*y(l). What is i(-3)?
-15
Suppose l + 4 = -3*l. Let m(o) = -o**2 - 2*o - 1. Let r be m(l). Let j = r + -1. Let s(w) = 4*w**3 - w**2 + 1. What is s(j)?
-4
Let k(f) = f**2 + 7*f + 9. Suppose 4*y = -8, 3 = -3*a - 2*y - 22. Determine k(a).
9
Let v(l) = 10*l**2 - 30*l**2 - 1 + 41*l**2 - 2*l. Calculate v(-1).
22
Let s(d) = d**3 + 3*d**2 - 6*d - 6. Let f be s(-4). Suppose -5*u - 4 = 3*a, -f*a = -3*u - 1 - 9. Let j(g) = -g**3 + g**2 + g - 2. Determine j(u).
8
Suppose 0 = -q + 5*q - 20. Let c(o) = -o + 1. Let u(d) = d**2 - 2*d + 3. Let b(h) = q*c(h) + u(h). What is b(6)?
2
Let a be 2 - (1 + (0 - 1)). Let z(p) = 4 - 6 + p**a + p + 5*p + 0*p. Give z(-6).
-2
Let d be 3 + 2*-1 + 0. Let m be ((-2)/5)/(d/(-10)). Let r(w) = -6 + 4 + 5*w - m*w. Give r(4).
2
Suppose -12*z = -5*z + 35. Let q(r) = -2*r**2 - 3*r**3 - 3*r**2 - 6 + 2*r**3. Determine q(z).
-6
Let c(t) = -t - 12. Suppose 4*b + 23 = -17. What is c(b)?
-2
Let k be (8/6)/((-17)/51). Let z(v) = v**3 + 5*v**2 + v + 4. Calculate z(k).
16
Let n be ((-10)/4)/((-1)/2). Suppose -n = -0*t - 5*t. Let m(f) = f**2 - 1. Calculate m(t).
0
Let a(g) = -g - 1. Let r = -68 + 66. Determine a(r).
1
Let q(k) = k**2 - k. Let w(c) = -c**2 - 20*c - 19. Let n(a) = 5*q(a) + w(a). Let o(t) = -3*t**2 + 17*t + 13. Let h(m) = -5*n(m) - 7*o(m). Calculate h(-4).
-4
Let x be 4/(-26) - (-41)/13. Suppose 3*i = x*s, 3*i - 16 = -3*s - 2*s. Let n(u) = u - 2. What is n(i)?
0
Let h(p) = 27*p**2 - 8*p**2 - 3*p - 15*p**2 + 1. Give h(2).
11
Let u(d) = 2*d - 5. Suppose 27 = 4*p + i + 2*i, 5*p + 3*i = 30. Suppose -p*y - 11 = -a, -3*a + 15 = 2*a + 5*y. Let r be 10 - a - (1 - 0). Determine u(r).
3
Suppose -2*h + 3*h - 4 = 0. Let c(a) = 3*a**2 - 4. Let i(y) = 2*y**2 + y - 3. Let r(w) = -3*c(w) + 4*i(w). What is r(h)?
0
Let k(l) = -3 - l**3 + 5 - 3*l**3 + 3*l**3. Determine k(-2).
10
Let w(m) = -3*m**2 - m + 6. Let h(f) = 10*f**2 + 2*f - 18. Let x(p) = 2*h(p) + 7*w(p). What is x(-5)?
-4
Let i(k) be the first derivative of k**4/4 + 5*k**3/3 + 5*k**2/2 + 3*k + 198. Suppose -w - 2*w = 4*c + 28, -3*c - 28 = 4*w. Give i(c).
-1
Let f(j) = 22*j - 5*j - 6 - 12*j - 4*j. Determine f(9).
3
Let h be -5 - (-2 + -4 + 3). Let b(k) = -4 + 2*k + 1 + 2. Determine b(h).
-5
Let s(k) = -3*k**2 - k + 2. Let r = -2 + 5. Suppose -3*f + 3 = 2*o - r, -2*f = -4*o - 4. Suppose 2*w + w + d = -1, 5*w - d + 15 = o. Determine s(w).
-8
Let d = 31 - 30. Let b(j) be the third derivative of -13*j**4/24 + j**3/6 + j**2. Give b(d).
-12
Let c(u) = 7*u**2. Suppose 0 = -2*l - 6 - 2. Let v(q) = q + 5. Let g be v(l). Determine c(g).
7
Let m(b) be the third derivative of -b**4/8 + 13*b**3/6 + 2*b**2. Let h(n) = -8*n + 32. Let i(k) = 5*h(k) - 12*m(k). Give i(3).
-8
Suppose 0 = i + 4 - 5. Let p be (-35)/(-20) - i/(-4). Suppose 0 = t + w - 4, -w - w = -p*t. Let u(q) = -2*q**2 - 3*q + 2. Determine u(t).
-12
Suppose 0 = 5*b + 5, 2*j + 2*b + 8 = -0*b. Let t(g) = -g**2 - 2*g + 4. Calculate t(j).
1
Let m = -21 - -28. Let y(b) = -b**3 + 8*b**2 - 9*b + 10. Calculate y(m).
-4
Let s(r) = -6*r**3 - 1. Let c = -61 - -60. Determine s(c).
5
Let n(j) = -j + 4. Let v be n(0). Let s be 0/(-4) + 3 - -4. Let a(b) = s + 2*b + 2 - 4 - b**2. What is a(v)?
-3
Suppose -q + 1 = -0. Let i(m) = 9*m - 1. Calculate i(q).
8
Let x = -31 - -23. Let l(f) = -f - 11. Determine l(x).
-3
Let a(i) be the second derivative of -11*i**3/6 + i**2/2 + 28*i. Give a(2).
-21
Let n(d) = -175 - 174 + 355 - 12*d - d**2. Determine n(-10).
26
Let d(n) = -n**3 - 6*n**2 - 7*n. Let g(b) = -3*b + 25. Let w be g(10). Determine d(w).
10
Let t(k) = k - 8. Let o be t(8). Suppose -z + 4*z - r + 7 = o, -5*z = -r + 13. Let a(y) = -2*y - y**2 - 2 + y + 4. Determine a(z).
-4
Let p(v) = -3*v**3 + 2*v**2 - 1. Suppose -q = 3*i - 4*q - 3, -4*q + 3 = 3*i. Determine p(i).
-2
Suppose 2*w = -2*w + 16. Let z = w + 1. Let q(i) = i**3 - 5*i**2 + i - 7. Let t be q(z). Let r(j) = -4*j - 3. Calculate r(t).
5
Let a = -16 - -7. Let i = 14 + a. Let u(y) = 4 - 3*y + 6 - y + i*y. What is u(0)?
10
Suppose 0 = -7*d + 1